mmon factor of 16 and 36766628.
4
What is the greatest common divisor of 6896 and 1362464?
16
Calculate the greatest common divisor of 1475 and 20827.
59
Calculate the highest common divisor of 10360794 and 36216.
3018
What is the greatest common divisor of 9968 and 2109248?
16
What is the highest common factor of 1 and 99242630?
1
Calculate the highest common divisor of 1467 and 3087872.
163
Calculate the highest common factor of 106872516 and 36.
36
Calculate the highest common divisor of 901 and 3554071.
17
Calculate the greatest common factor of 13850 and 1854238.
554
Calculate the highest common divisor of 631522 and 76.
38
Calculate the greatest common divisor of 479103639 and 7.
7
Calculate the highest common factor of 2878800075 and 15.
15
What is the greatest common divisor of 16 and 29251460?
4
Calculate the greatest common factor of 693 and 5820045.
231
What is the highest common factor of 245 and 881885?
5
Calculate the highest common divisor of 30 and 61664886.
6
Calculate the highest common factor of 338257 and 11244.
937
What is the highest common factor of 1135573908 and 84?
84
Calculate the highest common factor of 63339220 and 16558.
974
What is the highest common factor of 3543 and 3055345023?
3543
What is the highest common factor of 24 and 848634?
6
What is the greatest common divisor of 150 and 1824632850?
150
What is the greatest common divisor of 44130711 and 228?
57
What is the highest common factor of 4501 and 129?
1
What is the greatest common factor of 6684363 and 28?
7
What is the greatest common factor of 912 and 13469385?
57
Calculate the highest common factor of 107931190 and 890.
890
Calculate the greatest common divisor of 6961 and 154861367.
6961
Calculate the highest common divisor of 351 and 4223947.
13
What is the greatest common divisor of 1147806 and 3456?
18
What is the greatest common divisor of 2154495 and 3885?
105
Calculate the highest common factor of 4279308 and 437580.
2244
Calculate the highest common divisor of 9927645 and 2940.
735
Calculate the highest common factor of 2809455 and 3945.
15
Calculate the greatest common factor of 3193870 and 50.
10
What is the highest common factor of 11191 and 6648176?
361
Calculate the highest common factor of 2876889127 and 239.
239
What is the greatest common divisor of 13068968 and 8096?
2024
Calculate the greatest common factor of 452 and 30423216.
452
What is the greatest common factor of 601116 and 24?
12
What is the greatest common divisor of 241530996 and 2424?
1212
Calculate the greatest common factor of 9039 and 270756.
69
What is the highest common factor of 62370 and 95837280?
2310
Calculate the greatest common factor of 12826188 and 7812.
1116
What is the greatest common factor of 32243041 and 331?
331
What is the highest common factor of 633044692 and 1316?
1316
Calculate the greatest common divisor of 72 and 689292.
36
Calculate the highest common divisor of 8488029 and 1333233.
2211
Calculate the highest common factor of 2261770 and 154840.
5530
Calculate the greatest common factor of 918540 and 4375.
35
Calculate the highest common factor of 150 and 1242217725.
75
What is the highest common divisor of 169482 and 15283430?
1202
Calculate the greatest common divisor of 980 and 3207596.
28
Calculate the greatest common divisor of 4364 and 54176878.
2182
What is the highest common factor of 18 and 36934164?
18
Calculate the greatest common divisor of 13270750 and 7305.
2435
What is the greatest common factor of 260 and 533563420?
260
Calculate the greatest common divisor of 1225883 and 11.
1
Calculate the highest common factor of 37297 and 179539.
151
Calculate the greatest common factor of 12423 and 19056021.
123
Calculate the highest common divisor of 907 and 6939457.
907
Calculate the highest common divisor of 296 and 677812694.
74
What is the greatest common divisor of 54671 and 11615?
23
What is the greatest common divisor of 18571136 and 176?
16
What is the highest common factor of 559325232 and 288?
144
What is the greatest common divisor of 143352 and 33660?
396
What is the highest common factor of 13 and 998409620?
13
Calculate the highest common divisor of 716 and 54589988.
716
What is the greatest common factor of 1072 and 33840?
16
What is the highest common factor of 599775 and 54615?
165
What is the greatest common factor of 163969560 and 40?
40
What is the highest common divisor of 350658 and 4354?
14
What is the greatest common divisor of 4 and 16496268?
4
What is the greatest common divisor of 700 and 15628795?
35
What is the highest common divisor of 267077 and 226591?
653
What is the greatest common divisor of 36487 and 6799529?
1177
What is the greatest common factor of 54606482 and 9429?
3143
Calculate the highest common divisor of 3411 and 2223593.
379
What is the highest common divisor of 1858074 and 2862?
318
What is the highest common divisor of 33 and 47597286?
33
Calculate the greatest common divisor of 8906 and 802394.
122
Calculate the highest common factor of 27795768 and 12936.
1848
Calculate the highest common divisor of 29662772 and 117092.
1604
Calculate the greatest common divisor of 661440 and 59943.
2067
Calculate the highest common divisor of 50697 and 9708669.
387
Calculate the highest common divisor of 122307 and 17700.
177
Calculate the highest common factor of 3052144 and 224.
16
Calculate the highest common factor of 5535568 and 101169.
1249
What is the greatest common factor of 257102310 and 1780?
890
Calculate the highest common factor of 44163041 and 65.
13
What is the greatest common factor of 83 and 311357153?
83
What is the greatest common factor of 252818 and 9442600?
3046
What is the greatest common factor of 12152 and 219847908?
6076
What is the highest common factor of 2382720 and 127840?
2720
Calculate the highest common factor of 2960 and 3082470.
370
What is the highest common factor of 15976387 and 77?
7
What is the highest common factor of 1459126320 and 480?
240
What is the highest common factor of 128355 and 347655?
645
What is the highest common divisor of 4065 and 849045?
15
What is the greatest common factor of 152496 and 25769?
353
Calculate the highest common divisor of 11275 and 5094045.
2255
Calculate the highest common divisor of 11468 and 817001.
47
Calculate the highest common factor of 4 and 193497052.
4
What is the greatest common factor of 8 and 24901008?
8
What is the greatest common factor of 870890 and 51830?
730
What is the highest common divisor of 2731 and 509?
1
What is the highest common divisor of 6358032 and 288?
144
What is the greatest common divisor of 100232 and 3656488?
88
What is the highest common factor of 59 and 7925175?
59
What is the highest common divisor of 1308 and 621984?
12
What is the highest common factor of 4489871 and 1273?
1273
Calculate the highest common divisor of 2178128 and 64.
16
Calculate the greatest common factor of 5042119 and 8.
1
Calculate the greatest common factor of 267 and 7716.
3
Calculate the highest common divisor of 237 and 36532049.
79
What is the greatest common factor of 473793 and 24?
3
What is the highest common factor of 232714 and 1472?
46
Calculate the highest common factor of 614195 and 15.
5
What is the greatest common divisor of 56336 and 12856?
8
What is the greatest common divisor of 487 and 69202213?
487
Calculate the greatest common factor of 9779841 and 681.
681
Calculate the highest common divisor of 9989 and 10577.
7
Calculate the greatest common factor of 220 and 17811860.
220
Calculate the greatest common divisor of 299 and 705107.
13
What is the greatest common factor of 146 and 67785464?
146
What is the greatest common factor of 72 and 144801315?
9
What is the highest common factor of 776013 and 784?
49
What is the highest common divisor of 1001432 and 1064852?
604
What is the greatest common factor of 1681167 and 171201?
447
Calculate the highest common divisor of 8772304 and 18.
2
What is the highest common factor of 4525 and 46775?
25
What is the greatest common factor of 314910674 and 361?
19
What is the greatest common factor of 109917 and 1870452?
1863
What is the greatest common factor of 26379126 and 18?
18
Calculate the highest common factor of 198 and 14338908.
18
What is the greatest co